{"id":2,"date":"2020-10-03T03:21:20","date_gmt":"2020-10-03T01:21:20","guid":{"rendered":"http:\/\/yespapapizza.com\/?page_id=2"},"modified":"2026-01-31T22:28:07","modified_gmt":"2026-01-31T21:28:07","slug":"welcome","status":"publish","type":"page","link":"https:\/\/yespapapizza.com\/index.php\/welcome\/","title":{"rendered":"Le restaurant \ud83d\udc68\u200d\ud83c\udf73"},"content":{"rendered":"\n<p>Sur place ou \u00e0 emporter, contactez nous pour r\u00e9server votre table :<\/p>\n\n\n\n<p>+33(0)4 79 07 80 40<\/p>\n\n\n\n<p>Ouvert tous les jours de 18h \u00e0 23h et en plus entre 12h et 14h le week-end !<\/p>\n\n\n\n<p>Bienvenue dans le restaurant Papa Pizza aux Arcs 2000, un lieu unique dans une d\u00e9licieuse ambiance face au Mont Blanc !<\/p>\n\n\n\n<p>Notre \u00e9quipe est heureuse de vous accueillir tous les jours d\u2019hiver de D\u00e9cembre \u00e0 fin Avril, d\u00e9gustez les bonnes Pizzas, P\u00e2tes, Salades, Burgers Frites et Desserts gourmands, cuisin\u00e9s avec passion, sur place, ou \u00e0 emporter \ud83d\ude0b<\/p>\n\n\n\n<blockquote class=\"wp-block-quote is-layout-flow wp-block-quote-is-layout-flow\">\n<p>La Pizzeria Papa Pizza est id\u00e9alement situ\u00e9e sur la place de l\u2019Aiguille Rouge d&#8217;Arc 2000, au niveau 5 de la station, face \u00e0 la montagne appel\u00e9e \u00ab&nbsp;la Pointe du four&nbsp;\u00bb et en prime face au fameux Mont Blanc !<\/p>\n\n\n\n<p><\/p>\n<\/blockquote>\n\n\n\n<figure class=\"wp-block-image size-large\"><img fetchpriority=\"high\" decoding=\"async\" width=\"1024\" height=\"379\" src=\"https:\/\/yespapapizza.com\/wp-content\/uploads\/2024\/12\/img_3527-1-1024x379.jpg\" alt=\"\" class=\"wp-image-463\" srcset=\"https:\/\/yespapapizza.com\/wp-content\/uploads\/2024\/12\/img_3527-1-1024x379.jpg 1024w, https:\/\/yespapapizza.com\/wp-content\/uploads\/2024\/12\/img_3527-1-300x111.jpg 300w, https:\/\/yespapapizza.com\/wp-content\/uploads\/2024\/12\/img_3527-1-768x284.jpg 768w, https:\/\/yespapapizza.com\/wp-content\/uploads\/2024\/12\/img_3527-1-1536x568.jpg 1536w, https:\/\/yespapapizza.com\/wp-content\/uploads\/2024\/12\/img_3527-1.jpg 2000w\" sizes=\"(max-width: 1024px) 100vw, 1024px\" \/><\/figure>\n\n\n\n<figure class=\"wp-block-image size-large\"><img decoding=\"async\" width=\"1000\" height=\"563\" src=\"https:\/\/yespapapizza.com\/wp-content\/uploads\/2020\/10\/Papa-Pizza-Restaurant-inside1.jpg\" alt=\"Inside\" class=\"wp-image-49\" srcset=\"https:\/\/yespapapizza.com\/wp-content\/uploads\/2020\/10\/Papa-Pizza-Restaurant-inside1.jpg 1000w, https:\/\/yespapapizza.com\/wp-content\/uploads\/2020\/10\/Papa-Pizza-Restaurant-inside1-300x169.jpg 300w, https:\/\/yespapapizza.com\/wp-content\/uploads\/2020\/10\/Papa-Pizza-Restaurant-inside1-768x432.jpg 768w\" sizes=\"(max-width: 1000px) 100vw, 1000px\" \/><\/figure>\n\n\n\n<figure class=\"wp-block-image size-large\"><img decoding=\"async\" width=\"768\" height=\"1024\" src=\"https:\/\/yespapapizza.com\/wp-content\/uploads\/2023\/03\/img_4576-768x1024.jpg\" alt=\"\" class=\"wp-image-361\" srcset=\"https:\/\/yespapapizza.com\/wp-content\/uploads\/2023\/03\/img_4576-768x1024.jpg 768w, https:\/\/yespapapizza.com\/wp-content\/uploads\/2023\/03\/img_4576-225x300.jpg 225w, https:\/\/yespapapizza.com\/wp-content\/uploads\/2023\/03\/img_4576-1152x1536.jpg 1152w, https:\/\/yespapapizza.com\/wp-content\/uploads\/2023\/03\/img_4576-1536x2048.jpg 1536w, https:\/\/yespapapizza.com\/wp-content\/uploads\/2023\/03\/img_4576-scaled.jpg 1920w\" sizes=\"(max-width: 768px) 100vw, 768px\" \/><\/figure>\n\n\n\n<figure class=\"wp-block-image size-large\"><img loading=\"lazy\" decoding=\"async\" width=\"768\" height=\"1024\" src=\"https:\/\/yespapapizza.com\/wp-content\/uploads\/2023\/03\/img_4320-768x1024.jpg\" alt=\"\" class=\"wp-image-367\" srcset=\"https:\/\/yespapapizza.com\/wp-content\/uploads\/2023\/03\/img_4320-768x1024.jpg 768w, https:\/\/yespapapizza.com\/wp-content\/uploads\/2023\/03\/img_4320-225x300.jpg 225w, https:\/\/yespapapizza.com\/wp-content\/uploads\/2023\/03\/img_4320-1152x1536.jpg 1152w, https:\/\/yespapapizza.com\/wp-content\/uploads\/2023\/03\/img_4320.jpg 1426w\" sizes=\"(max-width: 768px) 100vw, 768px\" \/><\/figure>\n\n\n\n<figure class=\"wp-block-image size-large\"><img loading=\"lazy\" decoding=\"async\" width=\"1024\" height=\"1022\" src=\"https:\/\/yespapapizza.com\/wp-content\/uploads\/2025\/12\/img_3328-1024x1022.jpg\" alt=\"\" class=\"wp-image-558\" srcset=\"https:\/\/yespapapizza.com\/wp-content\/uploads\/2025\/12\/img_3328-1024x1022.jpg 1024w, https:\/\/yespapapizza.com\/wp-content\/uploads\/2025\/12\/img_3328-300x300.jpg 300w, https:\/\/yespapapizza.com\/wp-content\/uploads\/2025\/12\/img_3328-150x150.jpg 150w, https:\/\/yespapapizza.com\/wp-content\/uploads\/2025\/12\/img_3328-768x767.jpg 768w, https:\/\/yespapapizza.com\/wp-content\/uploads\/2025\/12\/img_3328.jpg 1124w\" sizes=\"(max-width: 1024px) 100vw, 1024px\" \/><\/figure>\n\n\n\n<figure class=\"wp-block-image size-large\"><img loading=\"lazy\" decoding=\"async\" width=\"1024\" height=\"768\" src=\"https:\/\/yespapapizza.com\/wp-content\/uploads\/2022\/12\/1135DB72-15B0-4539-A599-1321AC2785AF-1024x768.jpeg\" alt=\"\" class=\"wp-image-246\" srcset=\"https:\/\/yespapapizza.com\/wp-content\/uploads\/2022\/12\/1135DB72-15B0-4539-A599-1321AC2785AF-1024x768.jpeg 1024w, https:\/\/yespapapizza.com\/wp-content\/uploads\/2022\/12\/1135DB72-15B0-4539-A599-1321AC2785AF-300x225.jpeg 300w, https:\/\/yespapapizza.com\/wp-content\/uploads\/2022\/12\/1135DB72-15B0-4539-A599-1321AC2785AF-768x576.jpeg 768w, https:\/\/yespapapizza.com\/wp-content\/uploads\/2022\/12\/1135DB72-15B0-4539-A599-1321AC2785AF-1536x1152.jpeg 1536w, https:\/\/yespapapizza.com\/wp-content\/uploads\/2022\/12\/1135DB72-15B0-4539-A599-1321AC2785AF-2048x1536.jpeg 2048w\" sizes=\"(max-width: 1024px) 100vw, 1024px\" \/><\/figure>\n\n\n\n<figure class=\"wp-block-image size-large\"><img loading=\"lazy\" decoding=\"async\" width=\"768\" height=\"1024\" src=\"https:\/\/yespapapizza.com\/wp-content\/uploads\/2024\/12\/img_3400-768x1024.jpg\" alt=\"\" class=\"wp-image-442\" srcset=\"https:\/\/yespapapizza.com\/wp-content\/uploads\/2024\/12\/img_3400-768x1024.jpg 768w, https:\/\/yespapapizza.com\/wp-content\/uploads\/2024\/12\/img_3400-225x300.jpg 225w, https:\/\/yespapapizza.com\/wp-content\/uploads\/2024\/12\/img_3400-1152x1536.jpg 1152w, https:\/\/yespapapizza.com\/wp-content\/uploads\/2024\/12\/img_3400.jpg 1500w\" sizes=\"(max-width: 768px) 100vw, 768px\" \/><\/figure>\n\n\n\n<figure class=\"wp-block-image size-large\"><img loading=\"lazy\" decoding=\"async\" width=\"768\" height=\"1024\" src=\"https:\/\/yespapapizza.com\/wp-content\/uploads\/2025\/12\/img_8681-768x1024.jpg\" alt=\"\" class=\"wp-image-562\" srcset=\"https:\/\/yespapapizza.com\/wp-content\/uploads\/2025\/12\/img_8681-768x1024.jpg 768w, https:\/\/yespapapizza.com\/wp-content\/uploads\/2025\/12\/img_8681-225x300.jpg 225w, https:\/\/yespapapizza.com\/wp-content\/uploads\/2025\/12\/img_8681-1152x1536.jpg 1152w, https:\/\/yespapapizza.com\/wp-content\/uploads\/2025\/12\/img_8681.jpg 1500w\" sizes=\"(max-width: 768px) 100vw, 768px\" \/><\/figure>\n","protected":false},"excerpt":{"rendered":"<p>Sur place ou \u00e0 emporter, contactez nous pour r\u00e9server votre table : +33(0)4 79 07 80 40 Ouvert tous les jours de 18h \u00e0 23h et en plus entre 12h et 14h le week-end ! Bienvenue dans le restaurant Papa Pizza aux Arcs 2000, un lieu unique dans une d\u00e9licieuse ambiance face au Mont Blanc ! Notre \u00e9quipe est heureuse [&hellip;]<\/p>\n","protected":false},"author":1,"featured_media":0,"parent":0,"menu_order":1,"comment_status":"closed","ping_status":"closed","template":"","meta":{"footnotes":""},"class_list":["post-2","page","type-page","status-publish","hentry"],"_links":{"self":[{"href":"https:\/\/yespapapizza.com\/index.php\/wp-json\/wp\/v2\/pages\/2","targetHints":{"allow":["GET"]}}],"collection":[{"href":"https:\/\/yespapapizza.com\/index.php\/wp-json\/wp\/v2\/pages"}],"about":[{"href":"https:\/\/yespapapizza.com\/index.php\/wp-json\/wp\/v2\/types\/page"}],"author":[{"embeddable":true,"href":"https:\/\/yespapapizza.com\/index.php\/wp-json\/wp\/v2\/users\/1"}],"replies":[{"embeddable":true,"href":"https:\/\/yespapapizza.com\/index.php\/wp-json\/wp\/v2\/comments?post=2"}],"version-history":[{"count":48,"href":"https:\/\/yespapapizza.com\/index.php\/wp-json\/wp\/v2\/pages\/2\/revisions"}],"predecessor-version":[{"id":641,"href":"https:\/\/yespapapizza.com\/index.php\/wp-json\/wp\/v2\/pages\/2\/revisions\/641"}],"wp:attachment":[{"href":"https:\/\/yespapapizza.com\/index.php\/wp-json\/wp\/v2\/media?parent=2"}],"curies":[{"name":"wp","href":"https:\/\/api.w.org\/{rel}","templated":true}]}}